 ten thousands digit of 14839050?
3
What is the units digit of 293721?
1
What is the tens digit of 22582916?
1
What is the thousands digit of 485328?
5
What is the thousands digit of 396614?
6
What is the hundreds digit of 183757?
7
What is the ten thousands digit of 166609?
6
What is the units digit of 409169?
9
What is the thousands digit of 389626?
9
What is the hundreds digit of 10580564?
5
What is the thousands digit of 696439?
6
What is the tens digit of 1684830?
3
What is the millions digit of 1135952?
1
What is the tens digit of 43711?
1
What is the hundred thousands digit of 393212?
3
What is the ten thousands digit of 3896409?
9
What is the tens digit of 22613547?
4
What is the hundreds digit of 5859?
8
What is the hundreds digit of 3491555?
5
What is the ten millions digit of 15735481?
1
What is the tens digit of 33547103?
0
What is the millions digit of 2088098?
2
What is the tens digit of 339744?
4
What is the units digit of 179079?
9
What is the hundred thousands digit of 857781?
8
What is the hundreds digit of 547107?
1
What is the thousands digit of 704838?
4
What is the ten thousands digit of 247495?
4
What is the hundreds digit of 326435?
4
What is the ten thousands digit of 12781?
1
What is the ten thousands digit of 576461?
7
What is the thousands digit of 2267297?
7
What is the hundred thousands digit of 634441?
6
What is the millions digit of 4527627?
4
What is the hundreds digit of 2473682?
6
What is the hundred thousands digit of 1693278?
6
What is the units digit of 1562351?
1
What is the millions digit of 5848497?
5
What is the ten thousands digit of 570637?
7
What is the units digit of 13140484?
4
What is the units digit of 771936?
6
What is the hundred thousands digit of 1789374?
7
What is the hundred thousands digit of 3340851?
3
What is the ten thousands digit of 325972?
2
What is the tens digit of 66176?
7
What is the hundred thousands digit of 980710?
9
What is the hundreds digit of 2039450?
4
What is the hundreds digit of 4349887?
8
What is the hundred thousands digit of 5285791?
2
What is the tens digit of 7193810?
1
What is the hundred thousands digit of 1265921?
2
What is the hundred thousands digit of 569057?
5
What is the millions digit of 2540234?
2
What is the tens digit of 35650?
5
What is the ten thousands digit of 1977568?
7
What is the units digit of 466441?
1
What is the thousands digit of 975705?
5
What is the millions digit of 1475265?
1
What is the hundreds digit of 3593030?
0
What is the hundreds digit of 519016?
0
What is the hundreds digit of 1905262?
2
What is the thousands digit of 853499?
3
What is the hundreds digit of 203836?
8
What is the tens digit of 1551257?
5
What is the tens digit of 5631162?
6
What is the thousands digit of 132642?
2
What is the ten thousands digit of 5461452?
6
What is the ten thousands digit of 509731?
0
What is the tens digit of 4229410?
1
What is the units digit of 1585529?
9
What is the units digit of 317361?
1
What is the hundred thousands digit of 1421637?
4
What is the hundred thousands digit of 363827?
3
What is the ten thousands digit of 3271577?
7
What is the units digit of 3004439?
9
What is the millions digit of 2122150?
2
What is the hundreds digit of 11494279?
2
What is the ten thousands digit of 1899923?
9
What is the tens digit of 655784?
8
What is the ten thousands digit of 587639?
8
What is the hundred thousands digit of 495185?
4
What is the hundreds digit of 235444?
4
What is the hundred thousands digit of 5402859?
4
What is the thousands digit of 5518218?
8
What is the units digit of 1592336?
6
What is the hundreds digit of 871500?
5
What is the ten thousands digit of 1088149?
8
What is the units digit of 8980424?
4
What is the thousands digit of 3538583?
8
What is the hundreds digit of 4118829?
8
What is the ten thousands digit of 157534?
5
What is the tens digit of 334179?
7
What is the hundreds digit of 280698?
6
What is the ten thousands digit of 4299572?
9
What is the tens digit of 1869769?
6
What is the hundreds digit of 7600589?
5
What is the thousands digit of 1706471?
6
What is the tens digit of 257675?
7
What is the ten thousands digit of 1148749?
4
What is the hundred thousands digit of 3900256?
9
What is the hundreds digit of 6227121?
1
What is the tens digit of 744120?
2
What is the thousands digit of 1752454?
2
What is the units digit of 1329173?
3
What is the thousands digit of 8874528?
4
What is the hundred thousands digit of 116813?
1
What is the thousands digit of 598665?
8
What is the tens digit of 2415440?
4
What is the units digit of 1415033?
3
What is the ten thousands digit of 9893447?
9
What is the ten thousands digit of 109074?
0
What is the ten millions digit of 40282331?
4
What is the units digit of 82568?
8
What is the tens digit of 1967681?
8
What is the units digit of 1039118?
8
What is the millions digit of 4697102?
4
What is the thousands digit of 204878?
4
What is the tens digit of 60906?
0
What is the tens digit of 100135?
3
What is the hundreds digit of 44305861?
8
What is the ten thousands digit of 200379?
0
What is the tens digit of 158989?
8
What is the tens digit of 9684384?
8
What is the units digit of 26150826?
6
What is the millions digit of 7386755?
7
What is the hundred thousands digit of 360493?
3
What is the ten millions digit of 14203409?
1
What is the thousands digit of 1480903?
0
What is the ten thousands digit of 1990715?
9
What is the ten thousands digit of 201816?
0
What is the thousands digit of 11608501?
8
What is the ten thousands digit of 255735?
5
What is the hundred thousands digit of 128499?
1
What is the tens digit of 3536655?
5
What is the ten thousands digit of 131619?
3
What is the millions digit of 6465569?
6
What is the thousands digit of 218775?
8
What is the units digit of 15853673?
3
What is the thousands digit of 2414984?
4
What is the tens digit of 222201?
0
What is the millions digit of 1221638?
1
What is the ten thousands digit of 9020587?
2
What is the thousands digit of 2383858?
3
What is the thousands digit of 129480?
9
What is the units digit of 25352314?
4
What is the hundreds digit of 390061?
0
What is the ten thousands digit of 14542822?
4
What is the tens digit of 992278?
7
What is the hundreds digit of 86742?
7
What is the hundreds digit of 311793?
7
What is the hundred thousands digit of 2791074?
7
What is the ten thousands digit of 70035?
7
What is the hundred thousands digit of 5709431?
7
What is the hundreds digit of 12133076?
0
What is the hundred thousands digit of 616851?
6
What is the hundred thousands digit of 302445?
3
What is the hundred thousands digit of 872129?
8
What is the ten millions digit of 27722891?
2
What is the hundreds digit of 519416?
4
What is the hundred thousands digit of 4283832?
2
What is the thousands digit of 92080?
2
What is the tens digit of 89698?
9
What is the hundred thousands digit of 1943042?
9
What is the units digit of 8180408?
8
What is the thousands digit of 99948?
9
What is the thousands digit of 202229?
2
What is the thousands digit of 2890795?
0
What is the tens digit of 7923797?
9
What is the hundreds digit of 5785427?
4
What is the millions digit of 35066497?
5
What is the thousands digit of 419829?
9
What is the thousands digit of 875036?
5
What is the tens digit of 887457?
5
What is the tens digit of 680640?
4
What is the thousands digit of 918519?
8
What is the thousands digit of 124200?
4
What is the ten thousands digit of 206478?
0
What is the hundreds digit of 217528?
5
What is the thousands digit of 13559924?
9
What is the units digit of 6686555?
5
What is the hundreds digit of 33952?
9
What is the hundreds digit of 441202?
2
What is the thousands digit of 1970379?
0
What is the hundreds digit of 3472194?
1
What is the hundreds digit of 1166296?
2
What is the ten thousands digit of 4889372?
8
What is the hundred thousands digit of 731514?
7
What is the millions digit of 8983148?
8
What is the hundred thousands digit of 294067?
2
What is the thousands digit of 3250915?
0
What is the ten thousands digit of 959216?
5
What is the tens digit of 13671489?
8
What is the hundred thousands digit of 739565?
7
What is the thousands digit of 819923?
9
What is the tens digit of 538404?
0
What is the tens digit of 3079